e of 14?
True
Is 7798112 a multiple of 992?
True
Is 980 a factor of 8351511?
False
Does 100 divide 1003307?
False
Does 352 divide 400206?
False
Is 5 a factor of 120015?
True
Is 22 a factor of 597146?
True
Does 19 divide 882568?
False
Does 38 divide 253777?
False
Is 6493416 a multiple of 17?
False
Is 48241 a multiple of 87?
False
Does 24 divide 267622?
False
Is 468 a factor of 665496?
True
Is 63 a factor of 282933?
True
Is 126984 a multiple of 286?
True
Does 2 divide 16652?
True
Is 48 a factor of 1162464?
True
Is 85 a factor of 15462931?
False
Is 171 a factor of 1730933?
False
Is 6707897 a multiple of 944?
False
Is 467199 a multiple of 61?
True
Does 53 divide 1305708?
True
Does 4 divide 3295559?
False
Is 14 a factor of 199226?
False
Is 1077193 a multiple of 56?
False
Is 65 a factor of 1448135?
True
Is 49677 a multiple of 41?
False
Is 127836 a multiple of 36?
True
Is 5162941 a multiple of 10?
False
Is 55085 a multiple of 91?
False
Is 740734 a multiple of 11?
False
Is 29 a factor of 3935822?
True
Is 183366 a multiple of 4?
False
Is 14 a factor of 779935?
False
Does 412 divide 202986?
False
Is 37 a factor of 1428755?
True
Is 83 a factor of 150400?
False
Does 8 divide 412752?
True
Does 51 divide 142494?
True
Is 137 a factor of 63705?
True
Does 151 divide 396636?
False
Is 22039667 a multiple of 31?
True
Does 487 divide 17953255?
True
Is 1104 a factor of 3984336?
True
Does 101 divide 2255?
False
Is 2617328 a multiple of 8?
True
Is 133 a factor of 1359430?
False
Does 25 divide 282225?
True
Is 16 a factor of 10764041?
False
Is 563054 a multiple of 32?
False
Is 268 a factor of 177387?
False
Is 491294 a multiple of 54?
False
Does 3 divide 48669?
True
Is 522 a factor of 205146?
True
Is 277 a factor of 483976?
False
Is 19 a factor of 1171939?
True
Is 55675 a multiple of 25?
True
Is 244265 a multiple of 100?
False
Is 5 a factor of 6701?
False
Is 3641553 a multiple of 51?
True
Does 8 divide 133666?
False
Is 23 a factor of 3648845?
False
Is 16 a factor of 494736?
True
Does 15 divide 37949?
False
Is 2575050 a multiple of 15?
True
Does 63 divide 212851?
False
Is 470008 a multiple of 109?
True
Is 156 a factor of 85332?
True
Does 236 divide 134321?
False
Does 11 divide 47311?
True
Is 35 a factor of 721595?
True
Is 8 a factor of 6319142?
False
Is 6 a factor of 1667918?
False
Does 148 divide 457468?
True
Does 23 divide 2224815?
False
Does 18 divide 198?
True
Is 11416191 a multiple of 1170?
False
Is 358175 a multiple of 104?
False
Is 4 a factor of 200353?
False
Is 30467364 a multiple of 92?
True
Is 15 a factor of 4589520?
True
Does 98 divide 148925?
False
Is 303 a factor of 6567222?
True
Does 61 divide 3896314?
True
Is 115 a factor of 1107376?
False
Is 8 a factor of 142072?
True
Is 9 a factor of 155349?
True
Is 61 a factor of 132710?
False
Does 82 divide 1618884?
False
Is 281 a factor of 13343?
False
Does 3 divide 41701?
False
Is 204049 a multiple of 105?
False
Is 2616 a factor of 24933096?
True
Is 232 a factor of 79564?
False
Does 133 divide 8149176?
True
Is 599318 a multiple of 34?
True
Is 6 a factor of 2534234?
False
Is 8145 a multiple of 45?
True
Is 99800 a multiple of 3?
False
Does 47 divide 222639?
True
Does 2 divide 332567?
False
Is 3002666 a multiple of 29?
False
Is 71990 a multiple of 115?
True
Is 226 a factor of 15769602?
True
Does 197 divide 10861524?
False
Is 2119084 a multiple of 374?
True
Is 107 a factor of 1640952?
True
Is 36661 a multiple of 2?
False
Is 154744 a multiple of 23?
True
Is 83306 a multiple of 31?
False
Is 163 a factor of 25832839?
False
Is 9 a factor of 3853161?
True
Is 10010 a multiple of 70?
True
Is 8 a factor of 3885720?
True
Does 3 divide 51290?
False
Does 99 divide 2098587?
False
Does 10 divide 122381?
False
Is 31870 a multiple of 10?
True
Does 45 divide 6449310?
True
Does 6 divide 284510?
False
Is 5658678 a multiple of 31?
True
Does 999 divide 3379617?
True
Does 170 divide 1120130?
True
Is 339617 a multiple of 50?
False
Is 354540 a multiple of 19?
True
Is 702273 a multiple of 287?
False
Is 11571174 a multiple of 58?
True
Is 17 a factor of 18799?
False
Does 380 divide 170240?
True
Does 118 divide 20912432?
True
Does 12 divide 435648?
True
Is 80 a factor of 2794000?
True
Is 24197 a multiple of 27?
False
Is 68 a factor of 236436?
True
Is 122458 even?
True
Is 180 a factor of 466740?
True
Is 359 a factor of 115983?
False
Is 190 a factor of 547960?
True
Does 266 divide 1284791?
False
Is 9 a factor of 2667762?
True
Is 6 a factor of 123709?
False
Does 8 divide 662824?
True
Is 2944775 a multiple of 139?
False
Does 18 divide 5416542?
True
Does 171 divide 284150?
False
Is 16 a factor of 140853?
False
Is 160 a factor of 314560?
True
Does 52 divide 5581366?
False
Does 62 divide 225785?
False
Is 423 a factor of 630326?
False
Does 39 divide 542158?
False
Does 31 divide 222592?
False
Does 32 divide 1965600?
True
Is 75 a factor of 140550?
True
Does 186 divide 55982?
False
Is 838 a factor of 5641416?
True
Is 26 a factor of 2502942?
True
Is 260 a factor of 283920?
True
Is 12 a factor of 10935888?
True
Does 79 divide 31205?
True
Does 23 divide 587607?
False
Is 122 a factor of 292678?
True
Is 37457 a multiple of 32?
False
Does 41 divide 8843208?
True
Is 12 a factor of 271957?
False
Is 11088 a multiple of 36?
True
Does 14 divide 2843822?
False
Does 439 divide 49805?
False
Does 754 divide 3951680?
False
Does 228 divide 34428?
True
Is 81 a factor of 264782?
False
Does 1096 divide 2164600?
True
Is 120 a factor of 20049?
False
Does 938 divide 16536940?
True
Does 65 divide 10042130?
False
Does 4 divide 1728604?
True
Is 463381 a multiple of 5?
False
Does 12 divide 12868?
False
Is 179 a factor of 3004157?
True
Does 20 divide 400880?
True
Does 14 divide 671831?
False
Does 864 divide 7138368?
True
Does 39 divide 1437852?
True
Is 4317090 a multiple of 293?
False
Is 242624 a multiple of 16?
True
Does 269 divide 276613?
False
Is 5 a factor of 447546?
False
Does 670 divide 58756?
False
Is 3213432 a multiple of 6?
True
Is 482784 a multiple of 94?
True
Is 143367 a multiple of 299?
False
Is 369 a factor of 6282734?
False
Does 27 divide 1236627?
True
Is 462623 a multiple of 25?
False
Does 247 divide 3871002?
False
Is 1348333 a multiple of 8?
False
Is 218 a factor of 31392?
True
Is 24281304 a multiple of 785?
False
Is 20 a factor of 44940?
True
Is 17 a factor of 693391?
False
Is 44 a factor of 1499897?
False
Is 1442504 a multiple of 8?
True
Is 54153 a multiple of 99?
True
Is 615687 a multiple of 23?
True
Is 2976048 a multiple of 498?
True
Is 15 a factor of 15747496?
False
Does 201 divide 1122585?
True
Does 1906 divide 7293471?
False
Is 7106008 a multiple of 559?
True
Is 182354 a multiple of 73?
True
Is 12816 a multiple of 18?
True
Is 25 a factor of 1918165?
False
Does 9 divide 998586?
True
Does 129 divide 4748575?
False
Is 1793628 a multiple of 152?
False
Is 6893599 a multiple of 964?
False
Is 6169608 a multiple of 648?
True
Is 1058640 a multiple of 928?
False
Is 207770 a multiple of 10?
True
Is 35 a factor of 101290?
True
Is 53292 a multiple of 6?
True
Is 34 a factor of 8847412?
True
Is 28 a factor of 394324?
True
Is 48 a factor of 10385856?
True
Is 173823 a multiple of 352?
False
Is 1209648 a multiple of 464?
True
Is 158335 a multiple of 32?
False
Is 2178589 a multiple of 7?
True
Is 333 a factor of 45621?
True
Does 1451 divide 2072428?
False
Is 8232784 a multiple of 9?
False
Does 291 divide 421368?
True
Is 573720 a multiple of 42?
True
Is 2757524 a multiple of 49?
True
Is 2142201 a multiple of 228?
False
Is 5642459 a multiple of 27?
False
Does 31 divide 8891110?
True
Does 97 divide 3885116?
False
Does 96 divide 1225533?
False
Is 1689032 a multiple of 273?
False
Is 19 a factor of 4266567?
False
Is 4351687 a multiple of 229?
True
Does 21 divide 1219701?
True
Is 177504 a multiple of 96?
True
Does 49 divide 110227?
False
Does 429 divide 7537959?
True
Does 64 divide 344360?
False
Is 22 a factor of 984566?
True
Is 735238 a multiple of 245?
False
Is 1744144 a multiple of 48?
False
Is 6 a factor of 495630?
True
Is 92278 a multiple of 58?
True
Is 80180 a multiple of 5?
True
Is 168 a factor of 11299680?
True
Does 12 divide 3321408?
True
Is 16 a factor of 1052267?
False
Does 161 divide 9499?
True
Does 3 divide 11595?
True
Is 77 a factor of 841?
False
Is 846 a factor of 35328